?
6
Let y = -5 - -5. What is the units digit of (4/10 + y)*30?
2
Suppose 0*u - 8*u = -152. What is the tens digit of u?
1
Let n(i) be the third derivative of i**5/60 + i**3/6 + i**2. What is the units digit of n(2)?
5
Let n = 9 - 1. Let j = n + 13. What is the units digit of j?
1
Suppose -7*p - 65 = -8*p. What is the units digit of p?
5
Let x = -10 + 13. Suppose -x*n = -4*v + 68, -2*n + 9 - 3 = v. What is the tens digit of v?
1
Let u(n) = 193*n**3 + 2*n - 1. What is the tens digit of u(1)?
9
Suppose 9*n - 6*n = 87. What is the units digit of n?
9
Let v(d) = -d**3 + 8*d**2 - d + 10. Let g be v(8). Suppose 0 = -4*y - 3*p + 1, g*p = -3*y - p. Let u(i) = i + 1. What is the units digit of u(y)?
2
Let w(j) = j + 5. Let a be w(-7). Let f be 10 + (-1 - (a + -1)). Let l = -8 + f. What is the units digit of l?
4
Let z(h) = -2*h - 4*h + 0 + 2. What is the units digit of z(-2)?
4
Let o(j) = -j + 9. Let y be o(6). Suppose -y*c + 4*c = 17. What is the units digit of c?
7
Suppose -4*k - 15 = -63. Let b be ((-1)/3)/((-2)/(-30)). Let y = k + b. What is the units digit of y?
7
Let s(g) be the third derivative of 1/60*g**5 + 0 - 2*g**2 - 7/24*g**4 + 0*g - 5/6*g**3. What is the units digit of s(8)?
3
Suppose -i - 48 = -2*i. Suppose f = -3*f + i. What is the tens digit of f?
1
Let w(k) = k**3 + 5*k**2 + k + 5. Let f = 4 + -9. Let t be w(f). Suppose t = -4*j + 19 + 1. What is the units digit of j?
5
Let v = -3 - -19. Let n = v + -11. Suppose 3*y + n*i - 12 = 40, 34 = y + 5*i. What is the units digit of y?
9
Suppose -5*l + l = 0. Suppose -16 = -l*y - 2*y. What is the units digit of y?
8
Suppose 8*o - 25 = 3*o. Suppose -o*i = -6 + 36. What is the units digit of (0 + -2)*9/i?
3
Suppose -2*x - 2 = x + 5*p, 5*p + 26 = x. Suppose 0 = -r - r - x. Let v = r + 4. What is the units digit of v?
1
What is the tens digit of 1/4 - (1 - 486/8)?
6
Let x be 1 + (1 - 4)/(-3). Let w be (-3)/x*(-30)/3. Let h = w + -8. What is the units digit of h?
7
Suppose 3*h = -5*g - 25, g + 3*g + 20 = 4*h. Let l be -1 + -1 + (0 - g). Let v = l - -3. What is the units digit of v?
6
Let q be (5 + -9)*2/4. Let f be 76/24 + q/12. Suppose 4*u + 58 = 3*h - 1, h - f*u = 23. What is the units digit of h?
7
Let f(r) = -r**2 + 7*r + 21. What is the units digit of f(9)?
3
Let s = -4 - -4. Let f(x) = -3 + s + 4*x + 0*x. What is the units digit of f(2)?
5
Suppose -3*a - 3*f = a - 17, 0 = 4*a + 4*f - 12. Let q(s) = -s**3 - 6*s**2 - s - 1. Let m be q(-6). Let v = a - m. What is the units digit of v?
3
Let k(u) = u**2 + 6*u + 7. Suppose 1 = c + 7. What is the units digit of k(c)?
7
Let i(c) = -27*c**3 - 9*c**2 + 7*c - 5. Let x(d) = 14*d**3 + 4*d**2 - 3*d + 2. Let u(z) = -3*i(z) - 7*x(z). What is the tens digit of u(-1)?
1
Let i(s) = -s**2 + 2*s + 10. Let g be i(10). Let a be 2/(-4)*g/5. Suppose -2*x + a*x - 80 = 5*f, -x - 5*f = -10. What is the units digit of x?
5
Let a(g) = 6*g - 2. Let q be a(2). Let k = q + 0. Suppose 20 = 3*p + 3*l - k, 0 = -p - 4*l + 7. What is the units digit of p?
1
Suppose -2*t + 7*t + 20 = 0. Let r = t + 9. What is the units digit of r?
5
What is the tens digit of 1/14*1262 - 2/14?
9
Let v = -4 - -9. Suppose 0*k = -v*k + 90. What is the tens digit of k?
1
Let s(j) = 4*j + 1. Let n(g) = -2*g**3 + g + 1. Let y be n(-2). Suppose -z + 3*z - 5*h + 18 = 0, z = 4*h - y. What is the units digit of s(z)?
5
Let q = 24 + -17. Suppose w + 2 = q. What is the units digit of w?
5
Let t(u) be the first derivative of -u**3/3 + 3*u**2 + 4*u - 1. What is the units digit of t(5)?
9
Let d be -1 - (0 + -1)*1. Suppose f - g - 22 = d, -f = -g + 5*g - 17. What is the tens digit of f?
2
What is the units digit of (-3)/(-5) - 4620/(-50)?
3
Suppose -26*c = -21*c - 1360. What is the tens digit of c?
7
Let q(d) be the second derivative of -d**3/6 + d**2 + d. What is the units digit of q(-6)?
8
Suppose -2*w = 2*c - 0*w - 12, c - 15 = -4*w. Let x = 7 - 2. Suppose -2*k + 4*y - 29 = -c*k, 2*k + x*y = 43. What is the units digit of k?
9
Let w = 110 + 98. What is the tens digit of w?
0
Let l(u) = u + 1. Let k(z) = -1. Let q(x) = 2*k(x) - l(x). Let s(n) = 6*n + 15. Let p(f) = 11*q(f) + 2*s(f). What is the units digit of p(4)?
1
Suppose -5*y + 86 = -59. What is the units digit of y?
9
Let r be 4/6*5715/30. Suppose r + 8 = 5*c. What is the units digit of c?
7
Let f(a) = a**2 + a - 28. What is the units digit of f(-7)?
4
Let a(s) = 3*s**2 + s + 2. Let m = -1 + -1. What is the tens digit of a(m)?
1
Let z = -181 - -285. Suppose -g + z = 3*g. What is the units digit of g?
6
Let m = 39 + -34. Let w(a) = 5*a + 7 + 0 - 4*a. What is the units digit of w(m)?
2
Let p = 9 + 17. What is the units digit of p?
6
Let b = 4 - 2. What is the units digit of b?
2
Let k(o) = o**3 + 5*o**2 - 2*o + 7. Let d be k(-6). What is the units digit of d*(-3 + 2)*1?
7
Suppose 0 = 3*a - 180 + 12. What is the tens digit of a?
5
Let k(r) = r**3 + 4*r**2 + 2*r + 2. Let z be k(-3). Let j(c) = -c**3 + 5*c**2 + 4*c + 3. What is the units digit of j(z)?
3
Suppose 22 = n + 2. What is the tens digit of n?
2
Let m(d) = -d + 6. Let q be m(4). Let u be q/((-1)/(13/(-2))). Suppose u = 2*j + 3. What is the units digit of j?
5
Suppose -q = 3*q + 44. Let b = -3 - q. What is the units digit of b?
8
Let u(v) = 23*v - 5. What is the units digit of u(4)?
7
Let x = -3 - -7. Suppose 0*o - 98 = -2*o + x*d, -3*d + 24 = o. What is the tens digit of o?
3
Let q = -3 - -4. Let w be (-1 + 0)/q + 1. Let d = 7 - w. What is the units digit of d?
7
Suppose -3*b - 6*d = -2*d - 56, -3*b + 2*d + 26 = 0. Let r(v) = v**2 - 10*v + 2. What is the tens digit of r(b)?
2
Suppose -38*y = -29*y - 3087. What is the tens digit of y?
4
Suppose -5*d = 6 - 16. Suppose -d*z - 5 = -19. What is the units digit of z?
7
Let l be (-4 - -1)*(-10)/15. Suppose l*j + 2*j - 3*w = 43, 3*j - 33 = 3*w. What is the units digit of j?
0
Let m = 356 + -206. What is the hundreds digit of m?
1
Let a(m) = 3*m**3 - m**2 + 1. Let r be 1 - 0 - (-2 - 1). Let i be (-35)/(-21) + r/(-6). What is the units digit of a(i)?
3
Let g(y) = 2*y**3 + 2*y**2 - 2*y - 2. Let p = -2 + 0. Let d be g(p). Let c = 0 - d. What is the units digit of c?
6
What is the units digit of (-375)/(-18) - 4/(-24)?
1
Let a(g) = 0*g**3 + 2*g**2 - 8 - 7*g + 7*g**2 - g**3 + 0*g**3. Let t be a(8). Suppose d - 7 = -t*d. What is the units digit of d?
7
Let f = -193 + 289. Let j be f/9 + (-2)/(-6). Suppose 4*o = -4*q - 8, 0 = -2*q + o + j - 0. What is the units digit of q?
3
Let d = 13 + -26. Let b = -8 - d. What is the units digit of b?
5
Let q = 275 - 152. Suppose 5*l + 6*r - 119 = 5*r, -3*r - q = -5*l. Suppose -3*b - l = -6*b. What is the units digit of b?
8
Suppose -14*v + 11*v = -417. What is the units digit of v?
9
Suppose -7*s + 5*s = 2. Let z = 4 + s. Suppose l - 16 = z. What is the units digit of l?
9
Let v(b) = b**2 + 6*b + 3. Let f be v(-5). Let l be (15 - 1) + f/1. What is the units digit of ((-3)/3)/((-2)/l)?
6
Let p = -3 + 2. What is the units digit of (-5)/p - (2 - 4)?
7
Suppose -3*a + 325 = 2*w, -w - a + 635 = 3*w. What is the tens digit of w?
5
Let c(x) = -7*x - 14. What is the hundreds digit of c(-30)?
1
Let u = 24 + -58. Let t = -20 - u. Let j = -8 + t. What is the units digit of j?
6
Let d(j) = j**3 + 7*j**2 + j + 5. Let m be d(-7). Let v(w) = 2*w. Let q be v(m). Let o = 14 - q. What is the tens digit of o?
1
Let v = 3 - 3. Suppose v = h + h - 24. What is the tens digit of h?
1
Suppose -11*m = -15*m + 512. What is the units digit of m?
8
Let y(g) = g**3 + 6*g**2 - 7*g + 2. Let f be y(-7). Suppose 0*d + 8 = -f*d - 4*r, 4*d + 2*r = 8. Suppose -23 - 25 = -d*w. What is the tens digit of w?
1
Let v be (16/6)/((-2)/6). Let q(z) = -5*z**2 + 16*z. Let j(f) = -4*f**2 + 15*f + 1. Let k(h) = -6*j(h) + 5*q(h). What is the tens digit of k(v)?
1
Let k be (-4)/12*-3 - -4. Let r = -38 - -53. Suppose 0 = -k*w + 35 + r. What is the tens digit of w?
1
Let f(t) = -4*t - 1. Let k be f(-2). Let h = 11 - k. Suppose 0 = -4*g + 8, h*g + 46 = 4*u - g. What is the tens digit of u?
1
Let v = 117 + -24. What is the tens digit of v?
9
Let x(p) = p**3 + 12*p**2 - 19*p + 4. What is the tens digit of x(-13)?
8
Let r(l) = l**3 + 4*l**2 - 5*l - 3. Let j(z) = z**2 + 6*z - 3. Let u be j(-6). What is the tens digit of r(u)?
2
Suppose -7*v - 8 = -5*v. Let c = v - -6. Suppose 0 = -r -